{"id":15984,"date":"2014-05-15T12:38:07","date_gmt":"2014-05-15T10:38:07","guid":{"rendered":"http:\/\/demo.qodeinteractive.com\/bridge6\/?page_id=15984"},"modified":"2026-01-12T14:40:39","modified_gmt":"2026-01-12T13:40:39","slug":"home","status":"publish","type":"page","link":"https:\/\/churwalden.ch\/schule\/","title":{"rendered":"Home"},"content":{"rendered":"<div class=\"wpb-content-wrapper\"><p>[vc_row css_animation=&#8220;&#8220; row_type=&#8220;row&#8220; use_row_as_full_screen_section=&#8220;no&#8220; type=&#8220;full_width&#8220; angled_section=&#8220;no&#8220; text_align=&#8220;left&#8220; background_image_as_pattern=&#8220;without_pattern&#8220; padding_top=&#8220;0&#8243; padding_bottom=&#8220;0&#8243;][vc_column][vc_empty_space]<div class=\"call_to_action normal\" style=\"background-color: #ffffff;padding-top: 25px;padding-bottom: 25px;\"><div class=\"container_inner\"><div class=\"text_wrapper \"><div class=\"call_to_action_text \" style=\"\">\n<h1>GR\u00dcAZI IN DER SCHULE CHURWALDEN<\/h1>\n<\/div><\/div><\/div><\/div>[\/vc_column][\/vc_row][vc_row css_animation=&#8220;&#8220; row_type=&#8220;row&#8220; use_row_as_full_screen_section=&#8220;no&#8220; type=&#8220;grid&#8220; anchor=&#8220;portfolio&#8220; angled_section=&#8220;no&#8220; text_align=&#8220;left&#8220; background_image_as_pattern=&#8220;without_pattern&#8220; background_color=&#8220;#ffffff&#8220; border_color=&#8220;#ffffff&#8220; padding_top=&#8220;57&#8243; padding_bottom=&#8220;0&#8243; z_index=&#8220;&#8220;][vc_column][vc_column_text]<strong><a href=\"https:\/\/churwalden.ch\/schule\/wp-content\/uploads\/2018\/05\/1.2-Leitbild-Schulen-Churwalden.pdf\" target=\"_blank\" rel=\"noopener\">Gemeinsam stark &#8211; individuell aussergew\u00f6hnlich<\/a><\/strong><\/p>\n<p>&nbsp;<\/p>\n<p>Das sind wir \u2013 die Schule Churwalden. Willkommen auf unserer Website!<\/p>\n<p>&nbsp;<\/p>\n<p>Sie finden hier mit wenigen Klicks viel Wissenswertes und Interessantes rund um die Schule. F\u00fcr Fragen oder Anregungen zur Website oder zur Schule Churwalden k\u00f6nnen Sie sich an die Schulverwaltung (schule@schulechurwalden.ch) wenden.<\/p>\n<p>&nbsp;<\/p>\n<p>Wir w\u00fcnschen Ihnen eine gute Zeit<br \/>\nSCHULE CHURWALDEN[\/vc_column_text][\/vc_column][\/vc_row][vc_row css_animation=&#8220;&#8220; row_type=&#8220;row&#8220; use_row_as_full_screen_section=&#8220;no&#8220; type=&#8220;grid&#8220; anchor=&#8220;portfolio&#8220; angled_section=&#8220;no&#8220; text_align=&#8220;left&#8220; background_image_as_pattern=&#8220;without_pattern&#8220; background_color=&#8220;#005c8c&#8220; border_color=&#8220;#ffffff&#8220; padding_top=&#8220;60&#8243; padding_bottom=&#8220;0&#8243; css=&#8220;.vc_custom_1526551333247{background-color: #ffffff !important;}&#8220; z_index=&#8220;&#8220;][vc_column css=&#8220;.vc_custom_1526550894582{background-color: #ffffff !important;}&#8220;]<div class='projects_holder_outer v3 portfolio_with_space portfolio_with_hover_text'>\n        <div class='projects_holder portfolio_main_holder clearfix v3  hover_text portfolio_square_image '>\n        \n        <article class='mix portfolio_category_161 default' style=''>\n    \n    \n    \n                <div class='image_holder'>\n                <a itemprop='url' class='portfolio_link_for_touch' href='https:\/\/churwalden.ch\/schule\/portfolio_page\/team\/' target='_self'>\n                    \n<span class='image'><img loading=\"lazy\" decoding=\"async\" width=\"300\" height=\"300\" src=\"https:\/\/churwalden.ch\/schule\/wp-content\/uploads\/2018\/05\/team_blau.png\" class=\"attachment-portfolio-square size-portfolio-square wp-post-image\" alt=\"\" srcset=\"https:\/\/churwalden.ch\/schule\/wp-content\/uploads\/2018\/05\/team_blau.png 300w, https:\/\/churwalden.ch\/schule\/wp-content\/uploads\/2018\/05\/team_blau-150x150.png 150w\" sizes=\"auto, (max-width: 300px) 100vw, 300px\" \/><\/span>                <\/a>\n\n                <span class='text_holder'>\n    <span class='text_outer'>\n        <span class='text_inner'>\n            <div class=\"hover_feature_holder_title\">\n                <div class=\"hover_feature_holder_title_inner\">\n                    \n                        \n    <h2 itemprop=\"name\" class=\"portfolio_title entry_title\"><a itemprop=\"url\" href=\"https:\/\/churwalden.ch\/schule\/portfolio_page\/team\/\" style=\"color: #ffffff\" target=\"_self\"> Team<\/a><\/h2>\n\n\n                        \n                        \n                                    <\/div>\n            <\/div>\n\n            \n        <\/span>\n    <\/span>\n<\/span>\n            <\/div>\n                    \n    \n<\/article>\n<article class='mix portfolio_category_161 default' style=''>\n    \n    \n    \n                <div class='image_holder'>\n                <a itemprop='url' class='portfolio_link_for_touch' href='https:\/\/churwalden.ch\/schule\/aktuell-news\/infos\/' target='_self'>\n                    \n<span class='image'><img loading=\"lazy\" decoding=\"async\" width=\"300\" height=\"300\" src=\"https:\/\/churwalden.ch\/schule\/wp-content\/uploads\/2018\/05\/infos_blau.png\" class=\"attachment-portfolio-square size-portfolio-square wp-post-image\" alt=\"\" srcset=\"https:\/\/churwalden.ch\/schule\/wp-content\/uploads\/2018\/05\/infos_blau.png 300w, https:\/\/churwalden.ch\/schule\/wp-content\/uploads\/2018\/05\/infos_blau-150x150.png 150w\" sizes=\"auto, (max-width: 300px) 100vw, 300px\" \/><\/span>                <\/a>\n\n                <span class='text_holder'>\n    <span class='text_outer'>\n        <span class='text_inner'>\n            <div class=\"hover_feature_holder_title\">\n                <div class=\"hover_feature_holder_title_inner\">\n                    \n                        \n    <h2 itemprop=\"name\" class=\"portfolio_title entry_title\"><a itemprop=\"url\" href=\"https:\/\/churwalden.ch\/schule\/aktuell-news\/infos\/\" style=\"color: #ffffff\" target=\"_self\"> Infos<\/a><\/h2>\n\n\n                        \n                        \n                                    <\/div>\n            <\/div>\n\n            \n        <\/span>\n    <\/span>\n<\/span>\n            <\/div>\n                    \n    \n<\/article>\n<article class='mix portfolio_category_161 default' style=''>\n    \n    \n    \n                <div class='image_holder'>\n                <a itemprop='url' class='portfolio_link_for_touch' href='https:\/\/churwalden.ch\/schule\/aktuell-news\/' target='_self'>\n                    \n<span class='image'><img loading=\"lazy\" decoding=\"async\" width=\"300\" height=\"300\" src=\"https:\/\/churwalden.ch\/schule\/wp-content\/uploads\/2017\/05\/aktuell_blau.png\" class=\"attachment-portfolio-square size-portfolio-square wp-post-image\" alt=\"\" srcset=\"https:\/\/churwalden.ch\/schule\/wp-content\/uploads\/2017\/05\/aktuell_blau.png 300w, https:\/\/churwalden.ch\/schule\/wp-content\/uploads\/2017\/05\/aktuell_blau-150x150.png 150w\" sizes=\"auto, (max-width: 300px) 100vw, 300px\" \/><\/span>                <\/a>\n\n                <span class='text_holder'>\n    <span class='text_outer'>\n        <span class='text_inner'>\n            <div class=\"hover_feature_holder_title\">\n                <div class=\"hover_feature_holder_title_inner\">\n                    \n                        \n    <h2 itemprop=\"name\" class=\"portfolio_title entry_title\"><a itemprop=\"url\" href=\"https:\/\/churwalden.ch\/schule\/aktuell-news\/\" style=\"color: #ffffff\" target=\"_self\"> Aktuell<\/a><\/h2>\n\n\n                        \n                        \n                                    <\/div>\n            <\/div>\n\n            \n        <\/span>\n    <\/span>\n<\/span>\n            <\/div>\n                    \n    \n<\/article>\n        <div class='filler'><\/div>\n            <div class='filler'><\/div>\n            <div class='filler'><\/div>\n        <\/div>\n\n    \n    <\/div><div class='projects_holder_outer v4 portfolio_with_space portfolio_with_hover_text'>\n        <div class='projects_holder portfolio_main_holder clearfix v4  hover_text portfolio_square_image '>\n        \n        <article class='mix portfolio_category_165 default' style=''>\n    \n    \n    \n                <div class='image_holder'>\n                <a itemprop='url' class='portfolio_link_for_touch' href='https:\/\/churwalden.ch\/schule\/gesetze-reglemente-weisungen\/' target='_self'>\n                    \n<span class='image'><img loading=\"lazy\" decoding=\"async\" width=\"300\" height=\"300\" src=\"https:\/\/churwalden.ch\/schule\/wp-content\/uploads\/2017\/05\/gesetze_blau.png\" class=\"attachment-portfolio-square size-portfolio-square wp-post-image\" alt=\"\" srcset=\"https:\/\/churwalden.ch\/schule\/wp-content\/uploads\/2017\/05\/gesetze_blau.png 300w, https:\/\/churwalden.ch\/schule\/wp-content\/uploads\/2017\/05\/gesetze_blau-150x150.png 150w\" sizes=\"auto, (max-width: 300px) 100vw, 300px\" \/><\/span>                <\/a>\n\n                <span class='text_holder'>\n    <span class='text_outer'>\n        <span class='text_inner'>\n            <div class=\"hover_feature_holder_title\">\n                <div class=\"hover_feature_holder_title_inner\">\n                    \n                        \n    <h2 itemprop=\"name\" class=\"portfolio_title entry_title\"><a itemprop=\"url\" href=\"https:\/\/churwalden.ch\/schule\/gesetze-reglemente-weisungen\/\" style=\"color: #ffffff\" target=\"_self\"> Gesetze \/ Reglemente \/ Weisungen<\/a><\/h2>\n\n\n                        \n                        \n                                    <\/div>\n            <\/div>\n\n            \n        <\/span>\n    <\/span>\n<\/span>\n            <\/div>\n                    \n    \n<\/article>\n<article class='mix portfolio_category_165 default' style=''>\n    \n    \n    \n                <div class='image_holder'>\n                <a itemprop='url' class='portfolio_link_for_touch' href='https:\/\/churwalden.ch\/schule\/kalender\/' target='_self'>\n                    \n<span class='image'><img loading=\"lazy\" decoding=\"async\" width=\"300\" height=\"300\" src=\"https:\/\/churwalden.ch\/schule\/wp-content\/uploads\/2017\/05\/kalender_blau.png\" class=\"attachment-portfolio-square size-portfolio-square wp-post-image\" alt=\"\" srcset=\"https:\/\/churwalden.ch\/schule\/wp-content\/uploads\/2017\/05\/kalender_blau.png 300w, https:\/\/churwalden.ch\/schule\/wp-content\/uploads\/2017\/05\/kalender_blau-150x150.png 150w\" sizes=\"auto, (max-width: 300px) 100vw, 300px\" \/><\/span>                <\/a>\n\n                <span class='text_holder'>\n    <span class='text_outer'>\n        <span class='text_inner'>\n            <div class=\"hover_feature_holder_title\">\n                <div class=\"hover_feature_holder_title_inner\">\n                    \n                        \n    <h2 itemprop=\"name\" class=\"portfolio_title entry_title\"><a itemprop=\"url\" href=\"https:\/\/churwalden.ch\/schule\/kalender\/\" style=\"color: #ffffff\" target=\"_self\"> Kalender<\/a><\/h2>\n\n\n                        \n                        \n                                    <\/div>\n            <\/div>\n\n            \n        <\/span>\n    <\/span>\n<\/span>\n            <\/div>\n                    \n    \n<\/article>\n<article class='mix portfolio_category_165 default' style=''>\n    \n    \n    \n                <div class='image_holder'>\n                <a itemprop='url' class='portfolio_link_for_touch' href='https:\/\/churwalden.ch\/schule\/freizeit\/' target='_self'>\n                    \n<span class='image'><img loading=\"lazy\" decoding=\"async\" width=\"300\" height=\"300\" src=\"https:\/\/churwalden.ch\/schule\/wp-content\/uploads\/2017\/05\/freizeit_blau.png\" class=\"attachment-portfolio-square size-portfolio-square wp-post-image\" alt=\"\" srcset=\"https:\/\/churwalden.ch\/schule\/wp-content\/uploads\/2017\/05\/freizeit_blau.png 300w, https:\/\/churwalden.ch\/schule\/wp-content\/uploads\/2017\/05\/freizeit_blau-150x150.png 150w\" sizes=\"auto, (max-width: 300px) 100vw, 300px\" \/><\/span>                <\/a>\n\n                <span class='text_holder'>\n    <span class='text_outer'>\n        <span class='text_inner'>\n            <div class=\"hover_feature_holder_title\">\n                <div class=\"hover_feature_holder_title_inner\">\n                    \n                        \n    <h2 itemprop=\"name\" class=\"portfolio_title entry_title\"><a itemprop=\"url\" href=\"https:\/\/churwalden.ch\/schule\/freizeit\/\" style=\"color: #ffffff\" target=\"_self\"> Freizeit<\/a><\/h2>\n\n\n                        \n                        \n                                    <\/div>\n            <\/div>\n\n            \n        <\/span>\n    <\/span>\n<\/span>\n            <\/div>\n                    \n    \n<\/article>\n<article class='mix portfolio_category_165 default' style=''>\n    \n    \n    \n                <div class='image_holder'>\n                <a itemprop='url' class='portfolio_link_for_touch' href='https:\/\/churwalden.ch\/schule\/marktplatz-fundbuero\/' target='_self'>\n                    \n<span class='image'><img loading=\"lazy\" decoding=\"async\" width=\"300\" height=\"300\" src=\"https:\/\/churwalden.ch\/schule\/wp-content\/uploads\/2018\/05\/marktplatz_blau.png\" class=\"attachment-portfolio-square size-portfolio-square wp-post-image\" alt=\"\" srcset=\"https:\/\/churwalden.ch\/schule\/wp-content\/uploads\/2018\/05\/marktplatz_blau.png 300w, https:\/\/churwalden.ch\/schule\/wp-content\/uploads\/2018\/05\/marktplatz_blau-150x150.png 150w\" sizes=\"auto, (max-width: 300px) 100vw, 300px\" \/><\/span>                <\/a>\n\n                <span class='text_holder'>\n    <span class='text_outer'>\n        <span class='text_inner'>\n            <div class=\"hover_feature_holder_title\">\n                <div class=\"hover_feature_holder_title_inner\">\n                    \n                        \n    <h2 itemprop=\"name\" class=\"portfolio_title entry_title\"><a itemprop=\"url\" href=\"https:\/\/churwalden.ch\/schule\/marktplatz-fundbuero\/\" style=\"color: #ffffff\" target=\"_self\"> Marktplatz<\/a><\/h2>\n\n\n                        \n                        \n                                    <\/div>\n            <\/div>\n\n            \n        <\/span>\n    <\/span>\n<\/span>\n            <\/div>\n                    \n    \n<\/article>\n        <div class='filler'><\/div>\n            <div class='filler'><\/div>\n            <div class='filler'><\/div>\n            <div class='filler'><\/div>\n        <\/div>\n\n    \n    <\/div>[\/vc_column][\/vc_row][vc_row css_animation=&#8220;&#8220; row_type=&#8220;row&#8220; use_row_as_full_screen_section=&#8220;no&#8220; type=&#8220;full_width&#8220; angled_section=&#8220;no&#8220; text_align=&#8220;left&#8220; background_image_as_pattern=&#8220;without_pattern&#8220;][vc_column][vc_empty_space height=&#8220;100px&#8220;][\/vc_column][\/vc_row]<\/p>\n<\/div>","protected":false},"excerpt":{"rendered":"<p>[vc_row css_animation=&#8220;&#8220; row_type=&#8220;row&#8220; use_row_as_full_screen_section=&#8220;no&#8220; type=&#8220;full_width&#8220; angled_section=&#8220;no&#8220; text_align=&#8220;left&#8220; background_image_as_pattern=&#8220;without_pattern&#8220; padding_top=&#8220;0&#8243; padding_bottom=&#8220;0&#8243;][vc_column][vc_empty_space][\/vc_column][\/vc_row][vc_row css_animation=&#8220;&#8220; row_type=&#8220;row&#8220; use_row_as_full_screen_section=&#8220;no&#8220; type=&#8220;grid&#8220; anchor=&#8220;portfolio&#8220; angled_section=&#8220;no&#8220; text_align=&#8220;left&#8220; background_image_as_pattern=&#8220;without_pattern&#8220; background_color=&#8220;#ffffff&#8220; border_color=&#8220;#ffffff&#8220; padding_top=&#8220;57&#8243; padding_bottom=&#8220;0&#8243; z_index=&#8220;&#8220;][vc_column][vc_column_text]Gemeinsam stark &#8211; individuell aussergew\u00f6hnlich &nbsp; Das sind wir \u2013 die Schule Churwalden. Willkommen auf unserer Website! &nbsp; Sie finden hier mit wenigen Klicks viel Wissenswertes und Interessantes rund um die Schule. F\u00fcr Fragen oder Anregungen zur Website oder zur Schule Churwalden k\u00f6nnen Sie sich an die Schulverwaltung (schule@schulechurwalden.ch) wenden. &nbsp; Wir w\u00fcnschen Ihnen eine gute Zeit SCHULE CHURWALDEN[\/vc_column_text][\/vc_column][\/vc_row][vc_row css_animation=&#8220;&#8220; row_type=&#8220;row&#8220; use_row_as_full_screen_section=&#8220;no&#8220; type=&#8220;grid&#8220; anchor=&#8220;portfolio&#8220; angled_section=&#8220;no&#8220; text_align=&#8220;left&#8220; background_image_as_pattern=&#8220;without_pattern&#8220; background_color=&#8220;#005c8c&#8220; border_color=&#8220;#ffffff&#8220; padding_top=&#8220;60&#8243; padding_bottom=&#8220;0&#8243; css=&#8220;.vc_custom_1526551333247{background-color: #ffffff !important;}&#8220; z_index=&#8220;&#8220;][vc_column css=&#8220;.vc_custom_1526550894582{background-color: #ffffff !important;}&#8220;][\/vc_column][\/vc_row][vc_row&#8230;<\/p>\n","protected":false},"author":1,"featured_media":0,"parent":0,"menu_order":0,"comment_status":"closed","ping_status":"closed","template":"full_width.php","meta":{"footnotes":""},"class_list":["post-15984","page","type-page","status-publish","hentry"],"aioseo_notices":[],"_links":{"self":[{"href":"https:\/\/churwalden.ch\/schule\/wp-json\/wp\/v2\/pages\/15984","targetHints":{"allow":["GET"]}}],"collection":[{"href":"https:\/\/churwalden.ch\/schule\/wp-json\/wp\/v2\/pages"}],"about":[{"href":"https:\/\/churwalden.ch\/schule\/wp-json\/wp\/v2\/types\/page"}],"author":[{"embeddable":true,"href":"https:\/\/churwalden.ch\/schule\/wp-json\/wp\/v2\/users\/1"}],"replies":[{"embeddable":true,"href":"https:\/\/churwalden.ch\/schule\/wp-json\/wp\/v2\/comments?post=15984"}],"version-history":[{"count":49,"href":"https:\/\/churwalden.ch\/schule\/wp-json\/wp\/v2\/pages\/15984\/revisions"}],"predecessor-version":[{"id":21814,"href":"https:\/\/churwalden.ch\/schule\/wp-json\/wp\/v2\/pages\/15984\/revisions\/21814"}],"wp:attachment":[{"href":"https:\/\/churwalden.ch\/schule\/wp-json\/wp\/v2\/media?parent=15984"}],"curies":[{"name":"wp","href":"https:\/\/api.w.org\/{rel}","templated":true}]}}